 4. What is a(o)?
-2
Let j(p) = -3 + 5*p - 30*p**2 + 5 + 31*p**2 + 1. What is j(-4)?
-1
Let j be (-1)/(6/(-15))*(-6)/(-3). Let s(r) = r**3 - 5*r**2 - 3*r + 6. Give s(j).
-9
Suppose -5*r = -5*y - 4*r, -3*y = 4*r. Let h(c) = c + 3. Calculate h(y).
3
Let x(d) = 0 + 1 - d**3 + d + 1 + 1. Give x(0).
3
Let t(n) = -n**2 + n**2 - 5*n - n**2 - 1. Let o be 3 + (3 - 4) + -1. Let k = -5 + o. Determine t(k).
3
Let x(i) = i + 6. Let q be 1/(-2) - ((-10)/(-4))/(-5). Determine x(q).
6
Let i(j) = 0 + 4*j + 3 + 2*j. Let h = 64 - 66. Give i(h).
-9
Suppose -a = -3*a. Let f(d) be the first derivative of -d**4/12 + d**3/6 - 3*d**2/2 + d - 2. Let p(z) be the first derivative of f(z). What is p(a)?
-3
Let q(z) = -z**2 + 6*z - 3. Let v be q(5). Let a = 7 - v. Suppose 0 = 2*d + 4, a*d = -4*n - 0*d - 22. Let r(m) = -m**3 - 5*m**2 - 5*m - 3. Calculate r(n).
-6
Let k(v) be the first derivative of v**3/3 + 4*v + 1. Suppose 22 = 2*n - 6. Let p be (-6)/(-21) - 4/n. Calculate k(p).
4
Let c(u) = -8. Let p(n) = -n - 17. Let g(t) = 5*c(t) - 2*p(t). Let b = 23 - 18. Calculate g(b).
4
Suppose 0 = 2*p - 9*p - 35. Let s be 6 - (-1)/((-2)/4). Let a(u) = -4*u + u - s - 3. What is a(p)?
8
Let t(d) be the second derivative of 1/3*d**3 + 0 - 3*d - 1/2*d**2. Let u = 0 + -1. Calculate t(u).
-3
Let p(b) be the third derivative of -b**4/8 + 7*b**3/6 + 2*b**2. Let v be (-320)/(-56) - (-2)/7. Determine p(v).
-11
Suppose 3*r + 13 = 4. Let d(m) = -14*m**2 + 3*m + 8. Let h(f) = -40*f**2 + 8*f + 23. Let a(v) = 17*d(v) - 6*h(v). Give a(r).
7
Let i(d) be the second derivative of d**5/20 - d**4/4 - d**3/3 + 2*d**2 + d. Suppose 11 - 8 = y. Calculate i(y).
-2
Let y(i) be the first derivative of i**6/60 - i**5/60 + i**4/24 + 2*i**2 + 3. Let h(t) be the second derivative of y(t). Determine h(1).
2
Let q(s) be the second derivative of -2*s**3/3 + s**2 - 10*s. What is q(-2)?
10
Let x(c) be the second derivative of 2*c + 1/6*c**3 + 0 - 1/2*c**2. Calculate x(5).
4
Suppose 0 = -4*n + 13 - 5. Suppose -3*w = -5*f + 2, n*f - 2*w = -0*w. Let p(o) = o**2 + 4*o + 1. Let b(y) = 3*y + 1. Let d(t) = 5*b(t) - 4*p(t). Calculate d(f).
-4
Let s be (2/(-9) + 75/(-27))*-2. Let w(r) = -r**3 + 5*r**2 + 9*r - 6. What is w(s)?
12
Let b(m) = -8*m + m - 1 - 8 - m**3 - 7*m**2. Let q = 9 - 15. Give b(q).
-3
Suppose 4*u - 3*r - 24 = 0, 0 = 2*u + r - 5 + 3. Let f(w) be the third derivative of w**2 + 0 + 1/30*w**5 + 0*w - 1/6*w**u + 1/12*w**4. What is f(-2)?
3
Suppose -2*x - 7 = -1. Let r(p) = -7*p + 8. Let i(f) = -10*f + 12. Let o(m) = 5*i(m) - 7*r(m). Give o(x).
7
Let c(z) be the first derivative of -2*z**3/3 + 3*z**2/2 - z + 1. Calculate c(3).
-10
Suppose c - 3*c = 10. Let r(s) be the first derivative of -4*s - 1 - 1/2*s**2. Give r(c).
1
Let p(i) be the second derivative of -i**4/12 + i**3/6 - i**2/2 - 3*i. Let c = 2 + -1. Let n be p(c). Let r(h) = -5*h**3 - h - 1. What is r(n)?
5
Let o(t) = 4*t**2 + 2*t - 1. Let l(w) = 5*w**2 + w. Let x(h) = 3*l(h) - 4*o(h). Let f(n) = n**3 - 5*n**2 - 7*n + 1. Let r be f(6). Calculate x(r).
4
Let d(k) be the second derivative of k**4/12 - 5*k**3/6 - k**2 - 3*k. Let p be 10 + 3/(-1) + -2. Calculate d(p).
-2
Let l(d) = -24*d + d**2 + 13*d + 18*d - 1. Calculate l(-8).
7
Let v(w) = 22*w**2 - 237*w + 237*w - 1. Determine v(-1).
21
Let u(o) = 2*o**2 - 7*o + 6. Suppose -18*w + 20 = -14*w. Determine u(w).
21
Let v(b) = -5*b + 13. Let h be v(-7). Let o be 9/(-6)*h/18. Let a(u) = -u**2 - 3*u - 1. Give a(o).
-5
Let i(a) = -9*a + 1. Let f(q) = 19*q - 3. Let u(b) = -6*f(b) - 13*i(b). Let m = 8 + -5. Suppose 0 = 4*x + 4*p, m*p - 19 + 3 = x. Calculate u(x).
-7
Let p(x) = -1 - x + 6 - 1. Let w(r) = -3*r + 8. Let a(n) = 5*p(n) - 2*w(n). Suppose 3*z + 9 + 0 = -2*d, 0 = -3*d + 5*z - 23. Give a(d).
-2
Let j(m) = 0 + 4*m + 1 + 2 - 6. Let q be j(3). Let x be (-2)/(-6) + (-3)/q. Let i(c) = -c**2 + c + 5. Determine i(x).
5
Suppose 2*o + 2 = -2. Let l be ((-1)/1)/((-2)/4). Let u(h) = 3*h - h - 3*h**2 + 4*h**l. What is u(o)?
0
Let c(v) = -v**2 + 5*v + 7. Let s = 210 + -203. Calculate c(s).
-7
Suppose 4*k - 21 = -1. Suppose k*i = -2*x - 23, 0 = 5*x - 2*i + 4*i + 47. Let g = -6 - x. Let y(t) = t**3 - 3*t**2 - 4*t + 3. Give y(g).
-9
Let v(u) = -1. Let w(c) = c**2 + 7*c + 5. Let s(g) = 4*v(g) + w(g). Suppose 8*k = -17 - 7. Calculate s(k).
-11
Let l(c) = -2 - 4*c + 3*c + 0*c. Calculate l(0).
-2
Let l(s) = s**3 + 6*s**2 + 3*s - 4. Let p be (3 - -2)/((-2)/4). Suppose 0 = -2*i + 3*i + 3*n + 10, 0 = -5*n - 25. Let b = i + p. Determine l(b).
6
Suppose -3*p - 3 = -2*y - 14, 2*p - 2*y - 8 = 0. Let v be (-1 - -2)/1 + 2. Let k(i) = 3*i**2 - 4*i**2 - 2*i + 0*i**2 - 4 + v*i**2. Give k(p).
8
Let q(x) = -x**3 - 7*x**2 - 7*x - 5. Suppose 2*r - 45 = -r. Suppose 21 = -0*n - n - 5*h, 2*n = -h - r. Determine q(n).
1
Let h(b) = 2*b**2 - 4*b + 4. Let g(i) = -2*i**2 + 5*i - 4. Let z(l) = -6*g(l) - 7*h(l). Let a(q) = -q**2 - 3*q - 5. Let j(y) = -3*a(y) + 4*z(y). What is j(1)?
-5
Let f(p) = -p**3 + 2*p**2 + 3*p + 1. Suppose -11*q + 6*q = -30. Suppose -4*g - g = 0. Let w be 2*(q/4 - g). Determine f(w).
1
Let k(p) = p**2 - 2*p + 1. Let t be k(1). Suppose t*s = -s - 2. Let o(z) = 6*z**2 + z**3 - 2 - 2*z**2 + 0*z**2. Calculate o(s).
6
Let v(h) = -2 + 0*h + 0*h + h. Let g(z) = -2*z - 2. Let y be g(-3). Suppose -3*a + 4 = l - 3, 0 = 5*a - y*l - 6. Calculate v(a).
0
Let x be 154/13 + 10/65. Let q(w) = -4*w + x + 3*w - 3*w + 3*w. Let r(j) = j**2 - 6*j - 2. Let h be r(7). Determine q(h).
7
Let j(f) = -f**2 + 6*f - 6. Let x(v) = -v + 7. Let q be x(5). Suppose 2*u + 4 = q*t, -u + 2*t = -3*u + 16. Suppose u*b = -2*b + 25. Give j(b).
-1
Let f(o) = o**3 - 4*o**2 + 2*o + 1. Let k = 4 + 0. Calculate f(k).
9
Let n(w) = w**2 + 5. Suppose 0 = 4*k - 2*i + 4 - 2, -5*i + 5 = -k. Determine n(k).
5
Suppose 4*w - w = o + 4, 0 = -o + w + 2. Let r be -3 + (-2 - 0) + 8. Let z(i) = 6*i**2 + 0*i**3 - 2*i**2 - 2*i + 7*i - i**r - 7. What is z(o)?
-7
Let z(n) = 5*n**2 - 25*n + 5. Let f(u) = 0 + 1 + 0 + u**2 - 5*u. Let i(v) = 11*f(v) - 2*z(v). Let b = -6 - -10. Determine i(b).
-3
Suppose 4*a - q - 15 = -0*a, 4*q - 24 = -5*a. Let o(w) be the third derivative of w**6/120 - w**5/15 - w**4/8 + 2*w**3/3 + 15*w**2. Determine o(a).
-8
Let g(x) = x - 5. Let t be g(6). Let n(p) = -p**2 - p - 1. Let f(m) = -m**3 + 4*m**2 + 3*m + 4. Let r(d) = -f(d) - 3*n(d). Determine r(t).
-1
Let f = -14 - -8. Let h = f + 10. Let o(m) = m - 1. Determine o(h).
3
Let f(j) be the third derivative of j**3 - 1/24*j**4 + 0*j + j**2 + 0. Determine f(6).
0
Suppose -4*f = -8, -5*l + f - 6*f = 0. Let k(y) = y**2 + 6*y + 2. Let u be k(-5). Let z = u - l. Let a(v) = 2*v + 1. What is a(z)?
-1
Let j(u) be the first derivative of u**3/3 - 3*u - 49. Give j(3).
6
Let i(z) = z**2 - 3*z. Let t be ((-5)/(-2))/(8/16). Suppose t*n - 12 = 2*n. Determine i(n).
4
Let v(c) be the first derivative of -5*c**2/2 + 20. Give v(1).
-5
Let k(v) be the first derivative of -1/2*v**2 + 2 + 2*v. Let d = 7 + -5. Determine k(d).
0
Let n(q) = -2*q - 1. Let h(b) = -b**3 - 10*b**2 - b - 13. Let a = -17 - -7. Let v be h(a). What is n(v)?
5
Let g = -3 + 9. Let n(c) = c**3 - 5*c**2 - 8*c + 1. Calculate n(g).
-11
Let j(h) = -h - 7. Let a be j(-11). Let x(r) = r**3 - 5*r**2 + r + 3. Determine x(a).
-9
Suppose 6*m + 2 - 38 = 0. Let x(f) = -f**3 + 7*f**2 - 7*f + 1. What is x(m)?
-5
Let w = -3 + 1. Let v(f) = -4*f**3 - 7*f**2 - 6*f - 2. Let b(z) = 5*z**3 + 8*z**2 + 7*z + 2. Let p(n) = -3*b(n) - 4*v(n). Give p(w).
4
Suppose -36*m = -35*m. Let d(b) = -b**3 - b**2 - 1. Calculate d(m).
-1
Let p(z) be the second derivative of z**4/4 - z**3/3 - z**2/2 + z. Let w(k) = -k - 8. Let y(l) = -2*l + 12. Let g be y(11). Let d be w(g). Calculate p(d).
7
Let n(a) = -a**3 - 4*a**2 - 2. Suppose -16 = -2*w - 2*w. Suppose w + 8 = -3*j. Calculate n(j).
-2
Suppose 4*t = -j - 10 - 0, 0 = -t - 4. Let k be j/(-4)*(-12)/9. Let o be 1/(2/20*k). Let n(b) = 2*b - 3. Calculate n(o).
7
Let s(x) = 2*x + 1. Let b = 2 - 12. Let v be (20/(-1 + -3))/(-1). Let c = b + v. Determine s(c).
-9
Let b(l) = -1296*l + 1297*l - l**2 + 6*l**2. What is b(1)?
6
Let d(f) = f + 2. Let r = 1 - 3. Calculate d(r).
0
Let q be 2/(-1 - (-1 - -2)). Let p(m) = -3*m - 1. Give p(q).
2
Let b(w) = 4*w - 1 + 10*w - 3. Let g(y) = -1. Let q(h) = b(h) - 5*g(h). Give q(-1).
-13
Let d(z) = 4*z + z**2 + 2 - 5 - 1. Give d(